{"id":28203,"date":"2021-08-03T14:33:56","date_gmt":"2021-08-03T14:33:56","guid":{"rendered":"https:\/\/www.vidadelsol.com\/benalmadena\/"},"modified":"2026-01-27T05:27:18","modified_gmt":"2026-01-27T05:27:18","slug":"benalmadena","status":"publish","type":"page","link":"https:\/\/www.vidadelsol.com\/en\/marbella-way-of-living\/costa-del-sol-area\/benalmadena\/","title":{"rendered":"Benalm\u00e1dena"},"content":{"rendered":"<div class=\"wpb-content-wrapper\"><p>[vc_row row_height_percent=\"0\" back_image=\"52288\" overlay_color=\"color-jevc\" overlay_alpha=\"0\" gutter_size=\"3\" column_width_percent=\"100\" shift_y=\"0\" z_index=\"0\" row_height_pixel=\"300\" el_class=\"vida-header\" uncode_shortcode_id=\"105205\" overlay_color_type=\"uncode-palette\"][vc_column column_width_percent=\"100\" position_vertical=\"middle\" align_horizontal=\"align_center\" gutter_size=\"3\" style=\"dark\" overlay_alpha=\"50\" shift_x=\"0\" shift_y=\"0\" shift_y_down=\"0\" z_index=\"0\" medium_width=\"0\" mobile_width=\"0\" width=\"1\/1\"][vc_custom_heading heading_semantic=\"h1\" text_font=\"font-467264\" text_size=\"h1\"]<\/p>\n<h1>Benalm\u00e1dena<\/h1>\n<p>[\/vc_custom_heading][\/vc_column][\/vc_row][vc_row][vc_column column_width_percent=\"70\" gutter_size=\"3\" overlay_alpha=\"50\" shift_x=\"0\" shift_y=\"0\" shift_y_down=\"0\" z_index=\"0\" medium_width=\"0\" mobile_width=\"0\" width=\"1\/1\"][vc_column_text uncode_shortcode_id=\"626129\"]<\/p>\n<h2 style=\"text-align: center;\">Benalm\u00e1dena Travel Guide<\/h2>\n<p>A nice town of Benalm\u00e1dena is located between <a href=\"https:\/\/www.vidadelsol.com\/en\/marbella-way-of-living\/costa-del-sol-area\/fuengirola\/\" target=\"_blank\" rel=\"noopener\" data-schema-attribute=\"\">Fuengirola<\/a> and <a href=\"https:\/\/www.vidadelsol.com\/en\/marbella-way-of-living\/costa-del-sol-area\/torremolinos\/\" target=\"_blank\" rel=\"noopener\" data-schema-attribute=\"\">Torremolinos<\/a>, to the west of M\u00e1laga and the international airport. It is well known for its beautiful beaches, award-winning marina, vibrant nightlife, amusement parks and beautiful underwater park. Due to its privileged location and accessibility this municipality has grown enormously in popularity over the last 20 years and currently has 30,000 inhabitants on an area of 30km\u00b2.<\/p>\n<p>Benalm\u00e1dena consists of 3 parts: Benalm\u00e1dena Costa, Benalm\u00e1dena Pueblo and Arroyo de La Miel.[\/vc_column_text][\/vc_column][\/vc_row][vc_row row_height_percent=\"0\" back_color=\"color-lxmt\" overlay_alpha=\"50\" gutter_size=\"3\" column_width_percent=\"100\" shift_y=\"0\" z_index=\"0\"][vc_column column_width_percent=\"100\" gutter_size=\"3\" overlay_alpha=\"50\" shift_x=\"0\" shift_y=\"0\" shift_y_down=\"0\" z_index=\"0\" medium_width=\"0\" mobile_width=\"0\" width=\"1\/2\"][vc_column_text]<strong>Benalm\u00e1dena Costa<\/strong> is famous for its beautiful marina with more than 1000 moorings, that has been awarded with the \"Best Marina in the World\" several times through the years. It is bustling with positive and relaxed vibes day and night thanks to the lively bars with open terraces and a nightlife with posh clubs. The marina is also home to the Sea Life Center where you can see all different species of marine animal life.<\/p>\n<p>On the both sides of the marina there are 8km of blue flag beaches with a beautiful promenade leading to Torremolinos on one side and the 5 star Casinohotel Torrequebrada on the other.<\/p>\n<p>A promenade stretches along the coast with local shops and places to eat. The variety of bars and restaurants is enormous. You can find one for every budget and every cuisine.[\/vc_column_text][\/vc_column][vc_column width=\"1\/2\"][vc_column_text uncode_shortcode_id=\"148407\"]\n\n\n        <div class=\"uncode-single-media vida-single-media has-shadow text-left unradius-std\">\n            <div class=\"single-wrapper\">\n                                    <div class=\"tmb tmb-light img-round img-round-std tmb-media-first tmb-media-last tmb-content-overlay tmb-no-bg\">\n                        <div class=\"t-inside\" style=\"background-image:url(https:\/\/www.vidadelsol.com\/wp-content\/uploads\/2024\/02\/Benalmadena-haven.jpg);\">\n                            <div class=\"t-entry-text\">\n                                <div class=\"t-entry-text-tc\">\n                                    <h3>\n                                        Harbour of Benalm\u00e1dena                                    <\/h3>\n                                    <p>\n                                                                            <\/p>\n                                <\/div>\n                            <\/div>\n                        <\/div>\n                    <\/div>\n                                <\/div>\n        <\/div>\n\n        [\/vc_column_text][\/vc_column][\/vc_row][vc_row row_height_percent=\"0\" overlay_alpha=\"50\" gutter_size=\"3\" column_width_percent=\"100\" shift_y=\"0\" z_index=\"0\"][vc_column column_width_percent=\"70\" gutter_size=\"3\" overlay_alpha=\"50\" shift_x=\"0\" shift_y=\"0\" shift_y_down=\"0\" z_index=\"0\" medium_width=\"0\" mobile_width=\"0\" width=\"1\/1\"][vc_column_text uncode_shortcode_id=\"763642\"]Benalm\u00e1dena is voor de kinderen een paradijs met zijn themapark <a href=\"https:\/\/es.wikipedia.org\/wiki\/Tivoli_World\" target=\"_blank\" rel=\"noopener noreferrer\">Tivoli World<\/a>, <a href=\"https:\/\/www.selwomarina.es\/en\" target=\"_blank\" rel=\"noopener noreferrer\">Selwo Marina<\/a> en Paloma Park. Er is ook de mogelijkheid om via een kabelbaan naar de top van de berg te gaan en er te genieten van een imposant uitzicht over de kust, of de Jardin de Las Aguilas (tuin van de arenden) te bezoeken. Een prachtig roofvogelcentrum waar je de majestueuze roofvogels kan zien vliegen onder supervisie van meertalige deskundige vogeltrainers.<\/p>\n<p>In het centrum bevindt zich het prachtig La Paloma Park met een imponerende verscheidenheid aan flora en fauna en thematische tuinen met rotsachtige watervallen die in een groot kunstmatig meer vallen. Het park herbergt meer dan 90 soorten palmbomen en collecties van bamboe, cactussen en andere vetplanten. Tevens biedt het park een imposant uitzicht op de middellandse zeekust.<\/p>\n<p>In het park bevindt zich het <a href=\"https:\/\/www.selwomarina.es\/en\" target=\"_blank\" rel=\"noopener noreferrer\">Selwo Dolfinarium<\/a> waar een wereld van dolfijnen, zeeleeuwen en pingu\u00efns zich ontplooit.<\/p>\n<p>[\/vc_column_text][\/vc_column][\/vc_row][vc_row][vc_column width=\"1\/3\"][vc_column_text uncode_shortcode_id=\"199985\"]\n\n\n        <div class=\"uncode-single-media vida-single-media has-shadow text-left unradius-std\">\n            <div class=\"single-wrapper\">\n                                    <div class=\"tmb tmb-light img-round img-round-std tmb-media-first tmb-media-last tmb-content-overlay tmb-no-bg\">\n                        <div class=\"t-inside\" style=\"background-image:url(https:\/\/www.vidadelsol.com\/wp-content\/uploads\/2024\/02\/Benalmadena-Parque-de-la-Paloma-1.jpg);\">\n                            <div class=\"t-entry-text\">\n                                <div class=\"t-entry-text-tc\">\n                                    <h3>\n                                        La Paloma Park                                    <\/h3>\n                                    <p>\n                                                                            <\/p>\n                                <\/div>\n                            <\/div>\n                        <\/div>\n                    <\/div>\n                                <\/div>\n        <\/div>\n\n        [\/vc_column_text][\/vc_column][vc_column width=\"1\/3\"][vc_column_text uncode_shortcode_id=\"126459\"]\n\n\n        <div class=\"uncode-single-media vida-single-media has-shadow text-left unradius-std\">\n            <div class=\"single-wrapper\">\n                                <a target=\"_blank\" href=\"https:\/\/www.selwomarina.es\/en\" rel=\"noopener\">\n                                        <div class=\"tmb tmb-light img-round img-round-std tmb-media-first tmb-media-last tmb-content-overlay tmb-no-bg\">\n                        <div class=\"t-inside\" style=\"background-image:url(https:\/\/www.vidadelsol.com\/wp-content\/uploads\/2024\/02\/Benalmadena-Selwo-Marina.jpg);\">\n                            <div class=\"t-entry-text\">\n                                <div class=\"t-entry-text-tc\">\n                                    <h3>\n                                        Selwo Marina                                    <\/h3>\n                                    <p>\n                                                                            <\/p>\n                                <\/div>\n                            <\/div>\n                        <\/div>\n                    <\/div>\n                                    <\/a>\n                        <\/div>\n        <\/div>\n\n        [\/vc_column_text][\/vc_column][vc_column width=\"1\/3\"][vc_column_text uncode_shortcode_id=\"197658\"]\n\n\n        <div class=\"uncode-single-media vida-single-media has-shadow text-left unradius-std\">\n            <div class=\"single-wrapper\">\n                                <a target=\"_blank\" href=\"https:\/\/es.wikipedia.org\/wiki\/Tivoli_World\" rel=\"noopener\">\n                                        <div class=\"tmb tmb-light img-round img-round-std tmb-media-first tmb-media-last tmb-content-overlay tmb-no-bg\">\n                        <div class=\"t-inside\" style=\"background-image:url(https:\/\/www.vidadelsol.com\/wp-content\/uploads\/2024\/02\/Benalmadena-trivoli.jpg);\">\n                            <div class=\"t-entry-text\">\n                                <div class=\"t-entry-text-tc\">\n                                    <h3>\n                                        Tivoli World                                    <\/h3>\n                                    <p>\n                                                                            <\/p>\n                                <\/div>\n                            <\/div>\n                        <\/div>\n                    <\/div>\n                                    <\/a>\n                        <\/div>\n        <\/div>\n\n        [\/vc_column_text][\/vc_column][\/vc_row][vc_row row_height_percent=\"0\" back_color=\"color-lxmt\" overlay_alpha=\"50\" gutter_size=\"3\" column_width_percent=\"100\" shift_y=\"0\" z_index=\"0\"][vc_column column_width_percent=\"100\" gutter_size=\"3\" overlay_alpha=\"50\" shift_x=\"0\" shift_y=\"0\" shift_y_down=\"0\" z_index=\"0\" medium_width=\"0\" mobile_width=\"0\" width=\"1\/2\"][vc_column_text]<strong>Benalm\u00e1dena Pueblo<\/strong> is the authentic Andalusian village at the foot of the mountain Calamorro at the altitude of about 200m. The jewel of the village is the building of the town hall that can be seen from every street in the entire area. The heart of the village has retained its Spanish character with typical whitewashed stone buildings and labyrinths of narrow streets.<\/p>\n<p>One of the cultural attractions of Benalm\u00e1dena is the Stupa. It is a 33m high and the largest Buddhist temple in the Western part of the world. This wonder of architecture with the phenomenal panoramic views is definitely worth a visit. Right next to it you can find the Butterfly Park that hosts more than 1500 species of the most colorful butterflies in the world.[\/vc_column_text][\/vc_column][vc_column width=\"1\/2\"][vc_column_text uncode_shortcode_id=\"467122\"]\n\n\n        <div class=\"uncode-single-media vida-single-media has-shadow text-left unradius-std\">\n            <div class=\"single-wrapper\">\n                                    <div class=\"tmb tmb-light img-round img-round-std tmb-media-first tmb-media-last tmb-content-overlay tmb-no-bg\">\n                        <div class=\"t-inside\" style=\"background-image:url(https:\/\/www.vidadelsol.com\/wp-content\/uploads\/2024\/02\/Benalmadena-stoepa.jpg);\">\n                            <div class=\"t-entry-text\">\n                                <div class=\"t-entry-text-tc\">\n                                    <h3>\n                                        Stupa of Benalm\u00e1dena                                    <\/h3>\n                                    <p>\n                                                                            <\/p>\n                                <\/div>\n                            <\/div>\n                        <\/div>\n                    <\/div>\n                                <\/div>\n        <\/div>\n\n        [\/vc_column_text][\/vc_column][\/vc_row][vc_row row_height_percent=\"0\" overlay_alpha=\"50\" gutter_size=\"3\" column_width_percent=\"100\" shift_y=\"0\" z_index=\"0\"][vc_column width=\"1\/2\"][vc_column_text uncode_shortcode_id=\"888065\"]\n\n\n        <div class=\"uncode-single-media vida-single-media has-shadow text-left unradius-std\">\n            <div class=\"single-wrapper\">\n                                    <div class=\"tmb tmb-light img-round img-round-std tmb-media-first tmb-media-last tmb-content-overlay tmb-no-bg\">\n                        <div class=\"t-inside\" style=\"background-image:url(https:\/\/www.vidadelsol.com\/wp-content\/uploads\/2024\/02\/Benalmadena-Plaza-de-Espana.jpg);\">\n                            <div class=\"t-entry-text\">\n                                <div class=\"t-entry-text-tc\">\n                                    <h3>\n                                        Plaza de Espa\u00f1a                                    <\/h3>\n                                    <p>\n                                                                            <\/p>\n                                <\/div>\n                            <\/div>\n                        <\/div>\n                    <\/div>\n                                <\/div>\n        <\/div>\n\n        [\/vc_column_text][\/vc_column][vc_column column_width_percent=\"100\" gutter_size=\"3\" overlay_alpha=\"50\" shift_x=\"0\" shift_y=\"0\" shift_y_down=\"0\" z_index=\"0\" medium_width=\"0\" mobile_width=\"0\" width=\"1\/2\"][vc_column_text]<strong>Arroyo de la Miel<\/strong> verbindt Benalm\u00e1dena Pueblo met de Costa. Dit pittoreske gedeelte zit vol van kronkelende straatjes en mooie pleinen die u een goed beeld geven van de oude dorpse manier van leven. U vindt er in elke bar, restaurant en koffiehuizen, traditionele Andalusische tapas en vooruitstrevende gerechten. E\u00e9n van de meest populaire bestemmingen is het heerlijk rustige plein Plaza de Espa\u00f1a.[\/vc_column_text][\/vc_column][\/vc_row][vc_row][vc_column column_width_percent=\"100\" position_vertical=\"middle\" align_horizontal=\"align_center\" gutter_size=\"3\" overlay_alpha=\"50\" shift_x=\"0\" shift_y=\"0\" shift_y_down=\"0\" z_index=\"0\" medium_width=\"0\" mobile_width=\"0\" width=\"1\/1\"][vc_custom_heading]<\/p>\n<h3>Bekijk onze exclusieve woningen te koop in Benalm\u00e1dena<\/h3>\n<p>[\/vc_custom_heading][vc_button button_color=\"accent\" radius=\"btn-round\" border_width=\"0\" link=\"url:https%3A%2F%2Fwww.vidadelsol.com%2Fen%2Fproperties%2F%3Flocation%3D92|title:About%20us\" button_color_type=\"uncode-palette\" uncode_shortcode_id=\"937392\"]Bekijk ons volledig aanbod in Benalm\u00e1dena[\/vc_button][\/vc_column][\/vc_row]<\/p>\n<\/div>","protected":false},"excerpt":{"rendered":"<p>[vc_row row_height_percent=&#8221;0&#8243; back_image=&#8221;52288&#8243; overlay_color=&#8221;color-jevc&#8221; overlay_alpha=&#8221;0&#8243; gutter_size=&#8221;3&#8243; column_width_percent=&#8221;100&#8243; shift_y=&#8221;0&#8243; z_index=&#8221;0&#8243; row_height_pixel=&#8221;300&#8243; el_class=&#8221;vida-header&#8221; uncode_shortcode_id=&#8221;105205&#8243; overlay_color_type=&#8221;uncode-palette&#8221;][vc_column column_width_percent=&#8221;100&#8243; position_vertical=&#8221;middle&#8221; align_horizontal=&#8221;align_center&#8221; gutter_size=&#8221;3&#8243; style=&#8221;dark&#8221; overlay_alpha=&#8221;50&#8243; shift_x=&#8221;0&#8243;&#8230;<\/p>\n","protected":false},"author":3,"featured_media":29111,"parent":28869,"menu_order":0,"comment_status":"closed","ping_status":"closed","template":"","meta":{"_acf_changed":false,"footnotes":""},"class_list":["post-28203","page","type-page","status-publish","has-post-thumbnail","hentry"],"acf":[],"_links":{"self":[{"href":"https:\/\/www.vidadelsol.com\/en\/wp-json\/wp\/v2\/pages\/28203","targetHints":{"allow":["GET"]}}],"collection":[{"href":"https:\/\/www.vidadelsol.com\/en\/wp-json\/wp\/v2\/pages"}],"about":[{"href":"https:\/\/www.vidadelsol.com\/en\/wp-json\/wp\/v2\/types\/page"}],"author":[{"embeddable":true,"href":"https:\/\/www.vidadelsol.com\/en\/wp-json\/wp\/v2\/users\/3"}],"replies":[{"embeddable":true,"href":"https:\/\/www.vidadelsol.com\/en\/wp-json\/wp\/v2\/comments?post=28203"}],"version-history":[{"count":0,"href":"https:\/\/www.vidadelsol.com\/en\/wp-json\/wp\/v2\/pages\/28203\/revisions"}],"up":[{"embeddable":true,"href":"https:\/\/www.vidadelsol.com\/en\/wp-json\/wp\/v2\/pages\/28869"}],"wp:featuredmedia":[{"embeddable":true,"href":"https:\/\/www.vidadelsol.com\/en\/wp-json\/wp\/v2\/media\/29111"}],"wp:attachment":[{"href":"https:\/\/www.vidadelsol.com\/en\/wp-json\/wp\/v2\/media?parent=28203"}],"curies":[{"name":"wp","href":"https:\/\/api.w.org\/{rel}","templated":true}]}}

Benalmádena

<div class="wpb-content-wrapper"><p>[vc_row row_height_percent="0" back_image="52288" overlay_color="color-jevc" overlay_alpha="0" gutter_size="3" column_width_percent="100" shift_y="0" z_index="0" row_height_pixel="300" el_class="vida-header" uncode_shortcode_id="105205" overlay_color_type="uncode-palette"][vc_column column_width_percent="100" position_vertical="middle" align_horizontal="align_center" gutter_size="3" style="dark" overlay_alpha="50" shift_x="0" shift_y="0" shift_y_down="0" z_index="0" medium_width="0" mobile_width="0" width="1/1"][vc_custom_heading heading_semantic="h1" text_font="font-467264" text_size="h1"]</p>
<h1>Benalmádena</h1>
<p>[/vc_custom_heading][/vc_column][/vc_row][vc_row][vc_column column_width_percent="70" gutter_size="3" overlay_alpha="50" shift_x="0" shift_y="0" shift_y_down="0" z_index="0" medium_width="0" mobile_width="0" width="1/1"][vc_column_text uncode_shortcode_id="626129"]</p>
<h2 style="text-align: center;">Benalmádena Travel Guide</h2>
<p>A nice town of Benalmádena is located between <a href="https://www.vidadelsol.com/en/marbella-way-of-living/costa-del-sol-area/fuengirola/" target="_blank" rel="noopener" data-schema-attribute="">Fuengirola</a> and <a href="https://www.vidadelsol.com/en/marbella-way-of-living/costa-del-sol-area/torremolinos/" target="_blank" rel="noopener" data-schema-attribute="">Torremolinos</a>, to the west of Málaga and the international airport. It is well known for its beautiful beaches, award-winning marina, vibrant nightlife, amusement parks and beautiful underwater park. Due to its privileged location and accessibility this municipality has grown enormously in popularity over the last 20 years and currently has 30,000 inhabitants on an area of 30km².</p>
<p>Benalmádena consists of 3 parts: Benalmádena Costa, Benalmádena Pueblo and Arroyo de La Miel.[/vc_column_text][/vc_column][/vc_row][vc_row row_height_percent="0" back_color="color-lxmt" overlay_alpha="50" gutter_size="3" column_width_percent="100" shift_y="0" z_index="0"][vc_column column_width_percent="100" gutter_size="3" overlay_alpha="50" shift_x="0" shift_y="0" shift_y_down="0" z_index="0" medium_width="0" mobile_width="0" width="1/2"][vc_column_text]<strong>Benalmádena Costa</strong> is famous for its beautiful marina with more than 1000 moorings, that has been awarded with the "Best Marina in the World" several times through the years. It is bustling with positive and relaxed vibes day and night thanks to the lively bars with open terraces and a nightlife with posh clubs. The marina is also home to the Sea Life Center where you can see all different species of marine animal life.</p>
<p>On the both sides of the marina there are 8km of blue flag beaches with a beautiful promenade leading to Torremolinos on one side and the 5 star Casinohotel Torrequebrada on the other.</p>
<p>A promenade stretches along the coast with local shops and places to eat. The variety of bars and restaurants is enormous. You can find one for every budget and every cuisine.[/vc_column_text][/vc_column][vc_column width="1/2"][vc_column_text uncode_shortcode_id="148407"]


        <div class="uncode-single-media vida-single-media has-shadow text-left unradius-std">
            <div class="single-wrapper">
                                    <div class="tmb tmb-light img-round img-round-std tmb-media-first tmb-media-last tmb-content-overlay tmb-no-bg">
                        <div class="t-inside" style="background-image:url(https://www.vidadelsol.com/wp-content/uploads/2024/02/Benalmadena-haven.jpg);">
                            <div class="t-entry-text">
                                <div class="t-entry-text-tc">
                                    <h3>
                                        Harbour of Benalmádena                                    </h3>
                                    <p>
                                                                            </p>
                                </div>
                            </div>
                        </div>
                    </div>
                                </div>
        </div>

        [/vc_column_text][/vc_column][/vc_row][vc_row row_height_percent="0" overlay_alpha="50" gutter_size="3" column_width_percent="100" shift_y="0" z_index="0"][vc_column column_width_percent="70" gutter_size="3" overlay_alpha="50" shift_x="0" shift_y="0" shift_y_down="0" z_index="0" medium_width="0" mobile_width="0" width="1/1"][vc_column_text uncode_shortcode_id="763642"]Benalmádena is voor de kinderen een paradijs met zijn themapark <a href="https://es.wikipedia.org/wiki/Tivoli_World" target="_blank" rel="noopener noreferrer">Tivoli World</a>, <a href="https://www.selwomarina.es/en" target="_blank" rel="noopener noreferrer">Selwo Marina</a> en Paloma Park. Er is ook de mogelijkheid om via een kabelbaan naar de top van de berg te gaan en er te genieten van een imposant uitzicht over de kust, of de Jardin de Las Aguilas (tuin van de arenden) te bezoeken. Een prachtig roofvogelcentrum waar je de majestueuze roofvogels kan zien vliegen onder supervisie van meertalige deskundige vogeltrainers.</p>
<p>In het centrum bevindt zich het prachtig La Paloma Park met een imponerende verscheidenheid aan flora en fauna en thematische tuinen met rotsachtige watervallen die in een groot kunstmatig meer vallen. Het park herbergt meer dan 90 soorten palmbomen en collecties van bamboe, cactussen en andere vetplanten. Tevens biedt het park een imposant uitzicht op de middellandse zeekust.</p>
<p>In het park bevindt zich het <a href="https://www.selwomarina.es/en" target="_blank" rel="noopener noreferrer">Selwo Dolfinarium</a> waar een wereld van dolfijnen, zeeleeuwen en pinguïns zich ontplooit.</p>
<p>[/vc_column_text][/vc_column][/vc_row][vc_row][vc_column width="1/3"][vc_column_text uncode_shortcode_id="199985"]


        <div class="uncode-single-media vida-single-media has-shadow text-left unradius-std">
            <div class="single-wrapper">
                                    <div class="tmb tmb-light img-round img-round-std tmb-media-first tmb-media-last tmb-content-overlay tmb-no-bg">
                        <div class="t-inside" style="background-image:url(https://www.vidadelsol.com/wp-content/uploads/2024/02/Benalmadena-Parque-de-la-Paloma-1.jpg);">
                            <div class="t-entry-text">
                                <div class="t-entry-text-tc">
                                    <h3>
                                        La Paloma Park                                    </h3>
                                    <p>
                                                                            </p>
                                </div>
                            </div>
                        </div>
                    </div>
                                </div>
        </div>

        [/vc_column_text][/vc_column][vc_column width="1/3"][vc_column_text uncode_shortcode_id="126459"]


        <div class="uncode-single-media vida-single-media has-shadow text-left unradius-std">
            <div class="single-wrapper">
                                <a target="_blank" href="https://www.selwomarina.es/en" rel="noopener">
                                        <div class="tmb tmb-light img-round img-round-std tmb-media-first tmb-media-last tmb-content-overlay tmb-no-bg">
                        <div class="t-inside" style="background-image:url(https://www.vidadelsol.com/wp-content/uploads/2024/02/Benalmadena-Selwo-Marina.jpg);">
                            <div class="t-entry-text">
                                <div class="t-entry-text-tc">
                                    <h3>
                                        Selwo Marina                                    </h3>
                                    <p>
                                                                            </p>
                                </div>
                            </div>
                        </div>
                    </div>
                                    </a>
                        </div>
        </div>

        [/vc_column_text][/vc_column][vc_column width="1/3"][vc_column_text uncode_shortcode_id="197658"]


        <div class="uncode-single-media vida-single-media has-shadow text-left unradius-std">
            <div class="single-wrapper">
                                <a target="_blank" href="https://es.wikipedia.org/wiki/Tivoli_World" rel="noopener">
                                        <div class="tmb tmb-light img-round img-round-std tmb-media-first tmb-media-last tmb-content-overlay tmb-no-bg">
                        <div class="t-inside" style="background-image:url(https://www.vidadelsol.com/wp-content/uploads/2024/02/Benalmadena-trivoli.jpg);">
                            <div class="t-entry-text">
                                <div class="t-entry-text-tc">
                                    <h3>
                                        Tivoli World                                    </h3>
                                    <p>
                                                                            </p>
                                </div>
                            </div>
                        </div>
                    </div>
                                    </a>
                        </div>
        </div>

        [/vc_column_text][/vc_column][/vc_row][vc_row row_height_percent="0" back_color="color-lxmt" overlay_alpha="50" gutter_size="3" column_width_percent="100" shift_y="0" z_index="0"][vc_column column_width_percent="100" gutter_size="3" overlay_alpha="50" shift_x="0" shift_y="0" shift_y_down="0" z_index="0" medium_width="0" mobile_width="0" width="1/2"][vc_column_text]<strong>Benalmádena Pueblo</strong> is the authentic Andalusian village at the foot of the mountain Calamorro at the altitude of about 200m. The jewel of the village is the building of the town hall that can be seen from every street in the entire area. The heart of the village has retained its Spanish character with typical whitewashed stone buildings and labyrinths of narrow streets.</p>
<p>One of the cultural attractions of Benalmádena is the Stupa. It is a 33m high and the largest Buddhist temple in the Western part of the world. This wonder of architecture with the phenomenal panoramic views is definitely worth a visit. Right next to it you can find the Butterfly Park that hosts more than 1500 species of the most colorful butterflies in the world.[/vc_column_text][/vc_column][vc_column width="1/2"][vc_column_text uncode_shortcode_id="467122"]


        <div class="uncode-single-media vida-single-media has-shadow text-left unradius-std">
            <div class="single-wrapper">
                                    <div class="tmb tmb-light img-round img-round-std tmb-media-first tmb-media-last tmb-content-overlay tmb-no-bg">
                        <div class="t-inside" style="background-image:url(https://www.vidadelsol.com/wp-content/uploads/2024/02/Benalmadena-stoepa.jpg);">
                            <div class="t-entry-text">
                                <div class="t-entry-text-tc">
                                    <h3>
                                        Stupa of Benalmádena                                    </h3>
                                    <p>
                                                                            </p>
                                </div>
                            </div>
                        </div>
                    </div>
                                </div>
        </div>

        [/vc_column_text][/vc_column][/vc_row][vc_row row_height_percent="0" overlay_alpha="50" gutter_size="3" column_width_percent="100" shift_y="0" z_index="0"][vc_column width="1/2"][vc_column_text uncode_shortcode_id="888065"]


        <div class="uncode-single-media vida-single-media has-shadow text-left unradius-std">
            <div class="single-wrapper">
                                    <div class="tmb tmb-light img-round img-round-std tmb-media-first tmb-media-last tmb-content-overlay tmb-no-bg">
                        <div class="t-inside" style="background-image:url(https://www.vidadelsol.com/wp-content/uploads/2024/02/Benalmadena-Plaza-de-Espana.jpg);">
                            <div class="t-entry-text">
                                <div class="t-entry-text-tc">
                                    <h3>
                                        Plaza de España                                    </h3>
                                    <p>
                                                                            </p>
                                </div>
                            </div>
                        </div>
                    </div>
                                </div>
        </div>

        [/vc_column_text][/vc_column][vc_column column_width_percent="100" gutter_size="3" overlay_alpha="50" shift_x="0" shift_y="0" shift_y_down="0" z_index="0" medium_width="0" mobile_width="0" width="1/2"][vc_column_text]<strong>Arroyo de la Miel</strong> verbindt Benalmádena Pueblo met de Costa. Dit pittoreske gedeelte zit vol van kronkelende straatjes en mooie pleinen die u een goed beeld geven van de oude dorpse manier van leven. U vindt er in elke bar, restaurant en koffiehuizen, traditionele Andalusische tapas en vooruitstrevende gerechten. Eén van de meest populaire bestemmingen is het heerlijk rustige plein Plaza de España.[/vc_column_text][/vc_column][/vc_row][vc_row][vc_column column_width_percent="100" position_vertical="middle" align_horizontal="align_center" gutter_size="3" overlay_alpha="50" shift_x="0" shift_y="0" shift_y_down="0" z_index="0" medium_width="0" mobile_width="0" width="1/1"][vc_custom_heading]</p>
<h3>Bekijk onze exclusieve woningen te koop in Benalmádena</h3>
<p>[/vc_custom_heading][vc_button button_color="accent" radius="btn-round" border_width="0" link="url:https%3A%2F%2Fwww.vidadelsol.com%2Fen%2Fproperties%2F%3Flocation%3D92|title:About%20us" button_color_type="uncode-palette" uncode_shortcode_id="937392"]Bekijk ons volledig aanbod in Benalmádena[/vc_button][/vc_column][/vc_row]</p>
</div>
